 factors of 1847990.
2, 5, 283, 653
List the prime factors of 584470.
2, 5, 211, 277
List the prime factors of 245125.
5, 37, 53
List the prime factors of 5523824.
2, 313, 1103
What are the prime factors of 25962140?
2, 5, 257, 5051
What are the prime factors of 736814?
2, 13, 17, 1667
List the prime factors of 60299.
17, 3547
List the prime factors of 12349624.
2, 7, 220529
List the prime factors of 8554229.
23, 83, 4481
What are the prime factors of 1149934?
2, 574967
What are the prime factors of 111529?
11, 10139
What are the prime factors of 292129?
61, 4789
List the prime factors of 6793643.
109, 62327
What are the prime factors of 1568890?
2, 5, 151, 1039
List the prime factors of 7545739.
17, 443867
What are the prime factors of 631888?
2, 73, 541
What are the prime factors of 5223567?
3, 29, 60041
List the prime factors of 1184744.
2, 11, 13463
List the prime factors of 673601.
23, 29287
List the prime factors of 172564.
2, 7, 6163
List the prime factors of 311945.
5, 89, 701
What are the prime factors of 457005?
3, 5, 30467
List the prime factors of 3312770.
2, 5, 331277
List the prime factors of 570098.
2, 285049
What are the prime factors of 17638?
2, 8819
List the prime factors of 46983.
3, 15661
What are the prime factors of 5332190?
2, 5, 533219
What are the prime factors of 5214072?
2, 3, 217253
What are the prime factors of 150948?
2, 3, 7, 599
What are the prime factors of 2049643?
2049643
List the prime factors of 4702080.
2, 3, 5, 31, 79
List the prime factors of 35485413.
3, 97, 197, 619
What are the prime factors of 1037578?
2, 17, 30517
List the prime factors of 23647328.
2, 53, 73, 191
List the prime factors of 135267.
3, 11, 4099
List the prime factors of 12964094.
2, 11, 13, 45329
What are the prime factors of 9524681?
19, 501299
List the prime factors of 1318047.
3, 439349
What are the prime factors of 213892?
2, 7, 7639
What are the prime factors of 54725?
5, 11, 199
What are the prime factors of 646025?
5, 25841
What are the prime factors of 4695001?
4695001
What are the prime factors of 1550385?
3, 5, 131, 263
List the prime factors of 1213884.
2, 3, 7, 4817
List the prime factors of 4587391.
4587391
What are the prime factors of 16802129?
409, 41081
List the prime factors of 297666.
2, 3, 23, 719
What are the prime factors of 73053?
3, 8117
What are the prime factors of 11922204?
2, 3, 7, 141931
What are the prime factors of 3973327?
569, 6983
List the prime factors of 17644819.
37, 476887
List the prime factors of 410990.
2, 5, 73, 563
List the prime factors of 1963997.
7, 37, 7583
List the prime factors of 9150.
2, 3, 5, 61
What are the prime factors of 1490392?
2, 186299
List the prime factors of 69979.
7, 13, 769
What are the prime factors of 444930?
2, 3, 5, 14831
What are the prime factors of 343275?
3, 5, 23, 199
List the prime factors of 602208.
2, 3, 17, 41
What are the prime factors of 400666?
2, 7, 28619
What are the prime factors of 5537822?
2, 47, 58913
What are the prime factors of 27035?
5, 5407
What are the prime factors of 9906355?
5, 151, 13121
What are the prime factors of 257746?
2, 128873
What are the prime factors of 185600?
2, 5, 29
List the prime factors of 781115.
5, 29, 5387
What are the prime factors of 2000197?
1283, 1559
What are the prime factors of 15005774?
2, 7, 1071841
What are the prime factors of 1269146?
2, 634573
What are the prime factors of 210714?
2, 3, 7, 29, 173
List the prime factors of 1355784.
2, 3, 17, 3323
What are the prime factors of 30951795?
3, 5, 7, 31, 37, 257
List the prime factors of 996848.
2, 62303
List the prime factors of 5175537.
3, 1725179
List the prime factors of 1349293.
11, 122663
What are the prime factors of 275543?
275543
List the prime factors of 191942.
2, 95971
What are the prime factors of 6726335?
5, 7, 11, 17471
List the prime factors of 327981.
3, 17, 59, 109
List the prime factors of 18680061.
3, 6226687
What are the prime factors of 4910250?
2, 3, 5, 6547
What are the prime factors of 45378?
2, 3, 2521
What are the prime factors of 6264062?
2, 7, 41, 1559
What are the prime factors of 35793?
3, 41, 97
List the prime factors of 531543.
3, 163, 1087
What are the prime factors of 2073507?
3, 17, 109, 373
What are the prime factors of 224986?
2, 23, 67, 73
What are the prime factors of 1618451?
17, 95203
What are the prime factors of 516545?
5, 17, 59, 103
What are the prime factors of 3251988?
2, 3, 10037
List the prime factors of 1015638.
2, 3, 13, 29, 449
List the prime factors of 1909680.
2, 3, 5, 73, 109
What are the prime factors of 7755749?
271, 28619
What are the prime factors of 2322981?
3, 258109
What are the prime factors of 4589737?
4589737
List the prime factors of 357168.
2, 3, 7, 1063
What are the prime factors of 50500?
2, 5, 101
What are the prime factors of 1532030?
2, 5, 23, 6661
List the prime factors of 9210010.
2, 5, 921001
What are the prime factors of 3406885?
5, 17, 149, 269
List the prime factors of 26694.
2, 3, 1483
What are the prime factors of 11183756?
2, 17, 163, 1009
What are the prime factors of 1410574?
2, 11, 97, 661
What are the prime factors of 2671437?
3, 37, 41, 587
What are the prime factors of 1622373?
3, 479, 1129
What are the prime factors of 312394?
2, 109, 1433
What are the prime factors of 1615479?
3, 59, 9127
What are the prime factors of 211618?
2, 11, 9619
What are the prime factors of 458946?
2, 3, 2833
What are the prime factors of 160488?
2, 3, 743
List the prime factors of 41819.
19, 31, 71
What are the prime factors of 18786641?
1553, 12097
What are the prime factors of 3272938?
2, 1636469
List the prime factors of 398468.
2, 7, 19, 107
What are the prime factors of 338457?
3, 7, 71, 227
What are the prime factors of 18330211?
18330211
List the prime factors of 226142.
2, 7, 29, 557
List the prime factors of 141477.
3, 7, 6737
List the prime factors of 35388805.
5, 7077761
List the prime factors of 264222.
2, 3, 7, 233
List the prime factors of 5650383.
3, 53, 35537
List the prime factors of 11742484.
2, 13, 241, 937
What are the prime factors of 195662?
2, 19, 271
What are the prime factors of 120616?
2, 15077
List the prime factors of 2376530.
2, 5, 13, 101, 181
What are the prime factors of 1549215?
3, 5, 173, 199
What are the prime factors of 2524548?
2, 3, 13, 16183
List the prime factors of 344719.
344719
List the prime factors of 30770879.
31, 992609
What are the prime factors of 1542316?
2, 385579
List the prime factors of 2972558.
2, 29, 53, 967
List the prime factors of 8048002.
2, 4024001
List the prime factors of 16343941.
1069, 15289
List the prime factors of 9851974.
2, 11, 447817
What are the prime factors of 8291460?
2, 3, 5, 138191
List the prime factors of 788247.
3, 87583
What are the prime factors of 493979?
493979
What are the prime factors of 23040710?
2, 5, 7, 11, 23, 1301
What are the prime factors of 1022594?
2, 511297
What are the prime factors of 2522538?
2, 3, 353, 397
What are the prime factors of 5519878?
2, 7, 13, 2333
List the prime factors of 1406401.
43, 32707
What are the prime factors of 35922322?
2, 283, 63467
List the prime factors of 375011.
7, 13, 317
List the prime factors of 180175.
5, 7207
What are the prime factors of 2852921?
43, 66347
What are the prime factors of 414868?
2, 17, 6101
List the prime factors of 5047.
7, 103
What are the prime factors of 53445?
3, 5, 7, 509
List the prime factors of 2204110.
2, 5, 220411
What are the prime factors of 46965?
3, 5, 31, 101
What are the prime factors of 3686978?
2, 1843489
What are the prime factors of 2183026?
2, 239, 4567
List the prime factors of 13320202.
2, 7, 907, 1049
List the prime factors of 3013638.
2, 3, 101, 4973
List the prime factors of 375381.
3, 13903
What are the prime factors of 1874744?
2, 234343
What are the prime factors of 176067?
3, 6521
List the prime factors of 26576443.
1877, 14159
What are the prime factors of 710093?
179, 3967
List the prime factors of 782556.
2, 3, 65213
List the prime factors of 2914667.
7, 17, 3499
What are the prime factors of 1110615?
3, 5, 11, 53, 127
List the prime factors of 21895135.
5, 4379027
List the prime factors of 830335.
5, 11, 31, 487
List the prime factors of 642083.
13, 49391
List the prime factors of 565662.
2, 3, 23, 4099
What a